((-20)/(-112))/(-5)). Let d = 11 - -26. Calculate the remainder when d is divided by (-345)/(-27) - 14/p.
11
Suppose -3*z = 5*x - 8667, 2*x = -z + 592 + 2874. What is the remainder when x is divided by 574?
9
Suppose 14*p = 6*p + 640. Suppose -3 + 7 = 2*a. What is the remainder when p is divided by a?
0
Let j(a) = 60*a - 36. Let b be j(-4). Let w = b + 290. Calculate the remainder when 24 is divided by w.
10
Let q(v) = -v**2 - 39*v - 11. Let m be q(-37). Suppose 98 = -5*z - 167. Let x = z + m. What is the remainder when 16 is divided by x?
6
Suppose 8 - 533 = -7*y. Suppose -5*d + 4*b = -y, -5*d = -0*b + 4*b - 35. Let v(u) = 2*u + 64. What is the remainder when v(-17) is divided by d?
8
Let o(b) = -458*b - 2223. Calculate the remainder when o(-6) is divided by 253.
19
Suppose -35*b - 8460 = -25*b. Let j = b - -900. What is the remainder when j is divided by 21?
12
Let d(f) = 81*f**2 - 401*f - 1. Let a(u) = u**3 - u**2 + 35. Calculate the remainder when a(0) is divided by d(5).
16
Let j = -946 + 612. Let l = 342 + j. What is the remainder when 16 is divided by l?
0
Let g = -2 - -8. Let j(a) = 88*a + 21. Let y be j(-9). Let m = y - -784. Calculate the remainder when m is divided by g.
1
Suppose 773 = -172*j + 4041. Calculate the remainder when 432 is divided by j.
14
Suppose 3*c - 3*v - 4467 = 0, 1509 = c - 0*v + 3*v. Calculate the remainder when c is divided by 65.
64
Suppose 17*y - 4*y = -46*y + 4779. What is the remainder when 4 + -2 + (-316)/(-2) is divided by y?
79
Let o(m) = 6*m - 55. Let r be o(10). Suppose 0 = -6*a - r*a + 858. What is the remainder when 10 is divided by ((-8)/6)/((-13)/a)?
2
Suppose 4*m + 4 = -4*t - 0*t, -7 = -5*m - 2*t. Calculate the remainder when 121 is divided by ((-8)/(-24))/(m/288).
25
Suppose 2*t = -3*t + 2*r + 1307, -2*t + 520 = 2*r. Suppose -t*j - 64 = -269*j. Calculate the remainder when j is divided by 3.
2
Let b(l) = 11*l**2 + 2*l. Let t be b(2). Suppose -3*y = -0*y - t. Let f = -6275 - -6315. Calculate the remainder when f is divided by y.
8
Suppose -i = 2*s + 79, 5*i - 2*i + 4*s = -241. Suppose 0 = 15*b - 9*b - 90. What is the remainder when (i + -4 + (-2)/1)/(-1) is divided by b?
14
Calculate the remainder when 1586 is divided by 29 - 3 - (-11 - (6 + -17)).
0
Suppose 3*y + 0*t - 276 = 3*t, 5*t = -5*y + 450. Suppose -5*k + y = 4*p + 19, -3*k + 42 = 3*p. What is the remainder when 59 is divided by k?
11
Suppose -2*x = -52*x + 302800. What is the remainder when x is divided by 60?
56
Let r = 8685 - 8575. What is the remainder when r is divided by 43?
24
Let o = 30 - -20. What is the remainder when 1684 is divided by o?
34
Let h = -1214 + 482. Let l = h - -843. What is the remainder when l is divided by 38?
35
Let b(u) = -4*u**2 - 8*u + 3. Let t be b(1). Calculate the remainder when 104 is divided by -5*(-12)/20 - t.
8
Let r be (1/(-2)*-316)/(3 - 1). Let t be (-7)/(63/6)*-93. Let w = r - t. What is the remainder when 134 is divided by w?
15
Let u = 40 + -7. Let y be (-32)/((3/14)/3). Let h = -439 - y. What is the remainder when u is divided by h?
6
Suppose -i = -10 - 34. Let t(y) = 6*y - 21. Let c be t(7). Let u = 34 - c. Calculate the remainder when i is divided by u.
5
Let s(f) = -132*f - 831. What is the remainder when s(-14) is divided by 10?
7
Let i(c) = -c**2 - 6*c + 2. Let r be i(-6). Suppose -r*x - 130 = -32. Let t = x + 67. Calculate the remainder when 66 is divided by t.
12
Let x = 603 + -601. Suppose 0 = 2*i - 2*w - 28, 0*i + 2*w - 24 = -x*i. Calculate the remainder when i is divided by 2.
1
Let r(k) = 16*k - 239. Let b be r(-6). Let v = b - -351. What is the remainder when 175 is divided by v?
15
Suppose 60*u + 241*u - 16856 = 0. Let i be (1 - 0) + (5 - 0). Suppose n - 4*n = -5*g + u, i = g + 2*n. What is the remainder when 28 is divided by g?
8
Let v(z) = 7*z. Let b be v(4). Suppose 2*n - b = -2*n. Suppose n*u = 11*u - 64. What is the remainder when u is divided by 9?
7
Let d = 530 + -318. Let f = -448 - -465. What is the remainder when d is divided by f?
8
Suppose 7*r = 9*r - 130. Suppose 10*m + r = 15*m. What is the remainder when 100 is divided by m?
9
Let r be 825/175 + 4/14. Suppose 0 = 3*m - r*g - 39, -3*m = -m - 4*g - 24. What is the remainder when 136 is divided by m?
10
Let w(h) = 34*h**2 + 6*h + 6. Let g be -32 + 40 - (10 + 0). Calculate the remainder when w(g) is divided by 17.
11
Let a = 18799 - 17979. What is the remainder when a is divided by 340?
140
Let x(f) be the second derivative of -f**5/10 + 19*f**4/12 - 4*f**3/3 + 14*f**2 + 2*f + 113. Calculate the remainder when x(8) is divided by 16.
12
Let g = 262 - 226. Suppose -7*z = -g*z + 1624. What is the remainder when z is divided by 19?
18
Let l = -10 + 9. Let g be 1/((-4)/(-16))*(l - -3). Suppose -3*p = -g*p + 70. Calculate the remainder when p is divided by 9.
5
Suppose -15*q + 864 = 39. Calculate the remainder when (-2)/(-8) - (-1)/(4/423) is divided by q.
51
Let x = -3752 - -2242. Calculate the remainder when (-7)/(35/x) + (4 - 2) is divided by 39.
31
Let f = -15963 + 17396. Calculate the remainder when f is divided by 43.
14
Let s = 43 - 11. Suppose 301 = 28*h - 26*h + g, -g + 745 = 5*h. Calculate the remainder when h is divided by s.
20
Let h = 329 + -162. Let s = h - 124. Calculate the remainder when s is divided by 23.
20
Suppose -24372*d = -24360*d - 1212. What is the remainder when 1210 is divided by d?
99
Let g = -15 - -21. Suppose -c - 3*x + g = 0, -6*c - 2*x + 4 = -4*c. Suppose 6*t - 62 - 28 = c. What is the remainder when 49 is divided by t?
4
Let j = -7408 + 8230. Calculate the remainder when j is divided by 344.
134
Let o = 616 + -406. Suppose -335 = -5*j + o. Let w = 154 - j. Calculate the remainder when w is divided by 23.
22
Suppose -496 = -g + 65. Let i = g - 390. What is the remainder when i is divided by (154/33 - 4)/((-4)/(-258))?
42
Let a(s) = 4*s**3 - 5*s**2 + 11*s. Let p be a(2). Let k = -5 + 3. What is the remainder when -4 + k + (p - -2) is divided by 11?
8
Suppose -1095 = -11*p + 236. What is the remainder when 1201 is divided by p?
112
Let t(h) = h**3 + 11*h**2 - h - 26. Let u be t(-11). Let q(f) = 2*f**2 + 28*f - 19. What is the remainder when 272 is divided by q(u)?
8
Let o be ((-4)/(-5))/(13/130). Let h be 4/o*(-3 - 45). What is the remainder when 7 is divided by -2 + (h/(-4))/1?
3
Let l(a) = 2*a**2 + 2*a - 5. Suppose 1944 - 533 = 35*m - 1109. What is the remainder when m is divided by l(2)?
2
Suppose -249*c + 2896 = -24*c - 7679. Calculate the remainder when 3719 is divided by c.
6
Suppose 102*y - 5*h - 2748 = 101*y, -5*h + 13530 = 5*y. Calculate the remainder when 8139 is divided by y.
0
Let p = -70 + 73. Suppose -j + p = -0. Suppose -2*q = -3*u - 24, 39 = j*q - 0*u - 3*u. What is the remainder when 67 is divided by q?
7
Suppose 68 = 2*x + 2*f, 3*x - 33*f = -32*f + 78. What is the remainder when 1063 is divided by x?
27
Let y(l) = 7*l**3 + 3*l + 5. Let c be y(-2). Let r = c + 45. Calculate the remainder when 37 is divided by (5 + r + 4)*(-13)/3.
11
Let d be (-403304)/(-792) - (-2)/(-9). Let n = d - 405. What is the remainder when n is divided by 45?
14
Suppose 2*a - 54 = -4*l, -4*l - a - 75 = -130. What is the remainder when 1379 is divided by l?
7
Let g be 8/4 + (-3)/((-12)/16). Let r = 20 - -10. Suppose 3*m - 9 = 0, -l - g*m + r = -4*m. Calculate the remainder when l is divided by 13.
11
Suppose 0 = -75*o + 2014 + 15086. Calculate the remainder when o is divided by 63.
39
Suppose g - 336 = r, 15*g - 2*r - 1007 = 12*g. What is the remainder when g is divided by 48?
47
Let y = 11 - 50. Let a = y + 41. Suppose 2*g - a*p - 124 = 0, 3*g = 4*g + 3*p - 82. What is the remainder when g is divided by 18?
13
Let v be (6 + (-297)/1)*-1. Let s = v + -89. Calculate the remainder when s is divided by 12.
10
Suppose 13*g - 11*g = 32. What is the remainder when 7*19 + 28*3/(-12) is divided by g?
14
Let l(i) = -i**2 - 13*i + 8. Let q be l(-13). Let d be (-3)/(30/q)*5. What is the remainder when 7 is divided by (d/(-5))/((-14)/(-70))?
3
Suppose -l - 3*b = -8*b - 15, -b - 51 = -5*l. Let z(m) = -9 + l*m**2 + 20 - 10*m + m**3 + 15. Calculate the remainder when 41 is divided by z(-11).
11
What is the remainder when 393 is divided by 324/33 + (-60)/(-330)?
3
Suppose -9 = -3*y - 0. Suppose -7*l = -0*l - 56. Suppos